 3463453?
False
Is 86825 a multiple of 197?
False
Is 2090212 a multiple of 17?
False
Is 2440256 a multiple of 28?
True
Does 9 divide 10954277?
False
Is 732 a factor of 3950036?
False
Is 1317 a factor of 125087?
False
Is 569 a factor of 290759?
True
Is 30 a factor of 2580150?
True
Is 84 a factor of 161700?
True
Does 78 divide 2946454?
False
Is 597429 a multiple of 109?
True
Is 6 a factor of 1566324?
True
Is 880025 a multiple of 25?
True
Is 162 a factor of 1226826?
True
Does 4 divide 903802?
False
Is 211 a factor of 640807?
True
Is 50486 a multiple of 8?
False
Is 14 a factor of 5866?
True
Is 2273145 a multiple of 83?
False
Does 369 divide 9449627?
False
Does 80 divide 210133?
False
Is 8419457 a multiple of 372?
False
Is 102288 a multiple of 5?
False
Is 2654613 a multiple of 117?
True
Is 11135213 a multiple of 18?
False
Does 789 divide 6258368?
False
Is 1493382 a multiple of 242?
True
Is 50810 a multiple of 59?
False
Does 2 divide 936187?
False
Is 665 a factor of 194180?
True
Is 2193625 a multiple of 18?
False
Does 281 divide 700312?
False
Does 214 divide 480430?
True
Is 754838 a multiple of 16?
False
Is 11730 a multiple of 5?
True
Is 4 a factor of 113508?
True
Is 293 a factor of 4104610?
False
Is 91334 a multiple of 12?
False
Is 330 a factor of 9415486?
False
Is 10 a factor of 473032?
False
Is 359 a factor of 170333?
False
Does 41 divide 1491558?
False
Is 309544 a multiple of 168?
False
Does 55 divide 1722435?
True
Is 251230 a multiple of 35?
True
Is 114914 a multiple of 3?
False
Is 2213652 a multiple of 57?
True
Is 352466 a multiple of 10?
False
Is 13 a factor of 3958526?
True
Is 146 a factor of 9507374?
True
Is 1513072 a multiple of 4?
True
Does 19 divide 3705494?
True
Is 18 a factor of 12369?
False
Does 28 divide 4232032?
True
Does 4 divide 3004092?
True
Does 51 divide 41616?
True
Does 423 divide 344745?
True
Is 118 a factor of 314706?
True
Is 71808 a multiple of 51?
True
Is 21 a factor of 274992?
False
Is 73 a factor of 111471?
True
Is 563 a factor of 627745?
True
Is 395132 a multiple of 15?
False
Does 370 divide 203500?
True
Is 548 a factor of 247148?
True
Is 3520373 a multiple of 101?
False
Does 166 divide 145084?
True
Does 20 divide 6204074?
False
Is 2975100 a multiple of 50?
True
Is 200 a factor of 1175131?
False
Is 74 a factor of 1130544?
False
Does 52 divide 868643?
False
Does 73 divide 189581?
True
Is 336 a factor of 1123584?
True
Is 373648 a multiple of 121?
True
Is 25 a factor of 375545?
False
Is 3587165 a multiple of 10?
False
Is 943260 a multiple of 398?
True
Is 221 a factor of 283672?
False
Does 580 divide 1406941?
False
Does 380 divide 2707880?
True
Does 25 divide 105806?
False
Is 29 a factor of 3722962?
True
Is 51 a factor of 320409?
False
Is 162 a factor of 216218?
False
Is 86 a factor of 939206?
True
Is 97 a factor of 707822?
False
Is 9161548 a multiple of 195?
False
Is 1017534 a multiple of 21?
True
Does 45 divide 861120?
True
Does 1330 divide 10807580?
True
Does 310 divide 1018350?
True
Is 466 a factor of 105782?
True
Is 1856 a multiple of 116?
True
Does 12 divide 601512?
True
Does 136 divide 11925558?
False
Does 128 divide 566272?
True
Is 6189260 a multiple of 26?
False
Is 92328 a multiple of 8?
True
Is 2350 a multiple of 10?
True
Is 625539 a multiple of 34?
False
Is 106 a factor of 2329842?
False
Is 11 a factor of 150168?
False
Does 28 divide 39058?
False
Is 26 a factor of 26494?
True
Does 106 divide 2954538?
True
Does 104 divide 167856?
True
Does 55 divide 4016499?
False
Does 79 divide 99453?
False
Does 24 divide 67296?
True
Is 9716805 a multiple of 763?
True
Is 650 a factor of 3369600?
True
Is 34329 a multiple of 42?
False
Is 173376 a multiple of 16?
True
Is 24 a factor of 130440?
True
Does 7 divide 34768?
False
Is 6 a factor of 14745?
False
Is 1705 a factor of 7497830?
False
Is 29 a factor of 556061?
False
Is 16 a factor of 6018?
False
Is 13527553 a multiple of 1004?
False
Is 4483378 a multiple of 106?
False
Is 781092 a multiple of 12?
True
Is 13 a factor of 153881?
True
Does 184 divide 354200?
True
Is 2 a factor of 5539?
False
Is 1047389 a multiple of 29?
False
Is 2168544 a multiple of 351?
False
Does 79 divide 1087292?
False
Does 516 divide 1259556?
True
Is 48122 a multiple of 8?
False
Is 38 a factor of 32930?
False
Does 5 divide 295795?
True
Does 2 divide 1106331?
False
Is 324297 a multiple of 5?
False
Is 194567 a multiple of 8?
False
Does 171 divide 76095?
True
Is 306 a factor of 2190734?
False
Is 486 a factor of 4185918?
True
Does 10 divide 109762?
False
Does 561 divide 672657?
False
Does 85 divide 479145?
True
Is 456 a factor of 625716?
False
Does 478 divide 272455?
False
Is 1809834 a multiple of 133?
False
Is 169 a factor of 287638?
True
Is 7 a factor of 802409?
False
Is 572520 a multiple of 30?
True
Does 251 divide 1031340?
False
Is 211 a factor of 246870?
True
Is 10 a factor of 4508750?
True
Does 25 divide 20075?
True
Is 79380 a multiple of 16?
False
Is 69 a factor of 270549?
True
Does 14 divide 7497610?
False
Is 672104 a multiple of 232?
True
Is 360 a factor of 10693080?
True
Does 11 divide 567490?
True
Does 96 divide 8404137?
False
Is 262 a factor of 3898560?
True
Is 34675 a multiple of 5?
True
Is 248601 a multiple of 30?
False
Does 61 divide 349879?
False
Does 161 divide 1261435?
True
Does 63 divide 79821?
True
Is 59 a factor of 657614?
True
Does 5 divide 481360?
True
Is 83283 a multiple of 17?
True
Is 726820 a multiple of 20?
True
Does 188 divide 115996?
True
Is 4 a factor of 140844?
True
Does 348 divide 231817?
False
Is 950429 a multiple of 132?
False
Is 209562 a multiple of 94?
False
Is 1534764 a multiple of 17?
False
Is 525826 a multiple of 46?
True
Does 40 divide 59080?
True
Does 365 divide 2874655?
False
Is 1231872 a multiple of 1024?
True
Does 26 divide 1848713?
False
Does 62 divide 376555?
False
Does 505 divide 163620?
True
Is 3 a factor of 3053594?
False
Is 276 a factor of 7481532?
True
Is 296940 a multiple of 101?
True
Does 85 divide 173587?
False
Is 78 a factor of 14646254?
False
Is 14 a factor of 117321?
False
Does 372 divide 448379?
False
Does 5 divide 751845?
True
Does 950 divide 3719250?
True
Is 2650055 a multiple of 10?
False
Does 62 divide 65720?
True
Is 3760053 a multiple of 87?
True
Is 2575944 a multiple of 168?
True
Is 1535600 a multiple of 55?
True
Does 32 divide 1198656?
True
Is 69 a factor of 1345500?
True
Is 76 a factor of 15762?
False
Is 195 a factor of 5648777?
False
Is 210184 a multiple of 104?
True
Does 22 divide 259270?
True
Is 174 a factor of 1385209?
False
Does 12 divide 549283?
False
Is 3 a factor of 76711?
False
Does 8 divide 1435760?
True
Is 134 a factor of 741413?
False
Does 59 divide 7915145?
True
Is 381133 a multiple of 91?
False
Is 132440 a multiple of 220?
True
Is 22 a factor of 1759560?
True
Does 158 divide 42344?
True
Is 14910 a multiple of 6?
True
Is 35040 a multiple of 146?
True
Is 216923 a multiple of 19?
True
Is 44684 a multiple of 9?
False
Does 34 divide 32368?
True
Is 197 a factor of 193781?
False
Does 28 divide 747674?
False
Is 25 a factor of 21071673?
False
Is 70 a factor of 33810?
True
Is 127879 a multiple of 113?
False
Is 9608604 a multiple of 76?
True
Is 1521121 a multiple of 10?
False
Is 151956 a multiple of 603?
True
Does 31 divide 1618634?
True
Does 51 divide 222730?
False
Is 286 a factor of 245388?
True
Is 210479 a multiple of 25?
False
Is 1511258 a multiple of 343?
True
Does 90 divide 4907070?
True
Is 174 a factor of 6389552?
False
Does 27 divide 43497?
True
Is 17 a factor of 6353172?
True
Does 14 divide 93917?
False
Is 153 a factor of 452727?
True
Is 3354785 a multiple of 539?
False
Is 9244 a multiple of 4?
True
Is 9 a factor of 196130?
False
Is 3572806 a multiple of 1546?
True
Is 103 a factor of 278409?
True
Is 9720711 a multiple of 1079?
True
Does 14 divide 19699103?
False
Is 1827874 a multiple of 37?
True
Is 3 a factor of 2787?
True
Is 320 a factor of 242533?
False
Does 4 divide 78937?
False
Does 32 divide 180128?
True
Is 34 a factor of 7341879?
False
Does 41 divide 851795?
False
Is 468 a factor of 2437896?
False
Is 13 a factor of 39027?
False
Does 33 divide 100914?
True
Is 265761 a multiple of 17?
True
Is 48 a factor of 914496?
True
Does 79 divide 2751096?
True
Does 6 divide 8999?
False
Is 45471 a multiple of 10?
False
Is 48 a factor of 1624